-n = 2*m - 10, 3*n + 2*n - 26 = -4*m. Suppose n*l = -2, 9*l = t + 4*l - 10. Let d(f) = 3*f - 4. What are the prime factors of d(t)?
11
Suppose 4*o + 41 = -3*h, -3*o - 2*h - 2*h = 29. Let c = -3 - o. List the prime factors of c.
2
Let h(w) = -2 - w**2 + 2*w - w**3 + 0*w**3 + 5*w**2. Let x be (-5 + (0 - -1))/(-2). What are the prime factors of h(x)?
2, 5
Let u = 6 + -5. Suppose 2*n - 4 = -t, -5*t = -4*n - 4 - 2. What are the prime factors of u/(t/14) - 1?
2, 3
Let q(t) = -t**3 + 16*t**2 + 2. Let r be q(16). Suppose 33 = -4*d + d. Let a = r - d. List the prime factors of a.
13
Let u(n) = n**3 + 8*n**2 + 9*n + 9. Let h be u(-7). Let d = 9 - 8. Let q = d - h. List the prime factors of q.
2, 3
Suppose -4*i + 4*j = -8, -5*i = j + j + 4. Suppose -h - 3*v + 5*v + 13 = i, -3*h + 5*v = -40. What are the prime factors of h?
3, 5
Suppose 4*l - 2 = 6. List the prime factors of l.
2
Suppose -5*a + 0*a - 25 = 0. Let d be (-4 + 3)/((-1)/a). Let c = 14 + d. List the prime factors of c.
3
Let c = -18 - -26. Suppose -103 = -5*m + 4*i, 3*i - 2 = 7. Let x = m - c. List the prime factors of x.
3, 5
Suppose -2*j = -3*t + 2*j - 7, -t - 13 = -4*j. List the prime factors of 11 + 1/(t/9).
2, 7
Let i(u) be the third derivative of -2*u**2 + 0 + 1/120*u**6 - 1/6*u**4 + 1/30*u**5 + 1/2*u**3 + 0*u. List the prime factors of i(2).
11
Let p = -445 + 773. What are the prime factors of p?
2, 41
Let n be (3/(-6) + 1)*-8. Let f = -4 - n. Let v = f + 3. List the prime factors of v.
3
Let h = -103 + 187. List the prime factors of h.
2, 3, 7
Let o be (18/(-24))/((-2)/(-40)). Let r = o + 26. Suppose 7*s = 6*s + r. What are the prime factors of s?
11
Let t(h) = h - 1. Let z be t(4). Let x be 1/(-2)*(z - 3). What are the prime factors of 3/(x - (-1)/3)?
3
List the prime factors of (-3)/(3 + (-9)/2) + 292.
2, 3, 7
List the prime factors of (-8)/(0 + (-1)/2).
2
Suppose 0 = 4*r - 2*q - 162, -6*q - 123 = -3*r - 4*q. List the prime factors of r.
3, 13
Let j = 3 - 4. Let y be -3 + 3 - (7 + j). What are the prime factors of 32*-1*3/y?
2
Suppose -v = -0*v - 5. Suppose -4*g - 2 = -v*g. List the prime factors of g.
2
Suppose -y - m + 24 = 0, y - 11 = m + 7. What are the prime factors of y?
3, 7
Let u = 56 + -17. What are the prime factors of u?
3, 13
Let q = -1 - 1. Let h = 5 + q. Let k(s) = s**3 - 4*s**2 + 5*s - 2. What are the prime factors of k(h)?
2
Suppose 3*p = 23 + 13. What are the prime factors of p?
2, 3
Let o(n) be the second derivative of -5*n**3/6 - 3*n**2/2 + 2*n. Suppose 0 = 4*z - 2*z + 6. What are the prime factors of o(z)?
2, 3
Suppose 0 = 2*f - 1 - 3, -4*f = 4*o - 740. What are the prime factors of o?
3, 61
Let b = 27 - 25. Suppose -87 = -q - b*q. What are the prime factors of q?
29
Let g(y) = 180*y**2 + 4*y + 4. What are the prime factors of g(-1)?
2, 3, 5
Suppose -o + 4*o - 12 = 0. Suppose -o*v = -9 - 15. List the prime factors of v.
2, 3
Let a(p) = 13*p**2 + 4*p - 7. What are the prime factors of a(4)?
7, 31
Suppose n + 122 = 4*x, -5*x + 0*x + 142 = 4*n. What are the prime factors of x?
2, 3, 5
Let x(y) be the first derivative of -y**3/3 - 5*y**2/2 - 2*y + 2. Let v(a) be the first derivative of x(a). What are the prime factors of v(-4)?
3
Let i be ((-5)/2)/((-1)/4). Suppose -i = -2*t - 3*t. Suppose 3*f = -t*g + 18, 23 = -f + 3*f + 5*g. List the prime factors of f.
2
Let g = 7 - 20. What are the prime factors of ((0 - 1)*g)/1?
13
Suppose -2*v + 375 = -5*s + 103, -s = 2*v - 248. What are the prime factors of v?
2, 3, 7
Let v = -172 - -256. What are the prime factors of v?
2, 3, 7
Suppose -5*f - 4*g = -83, -3*f + 17 = -5*g - 18. List the prime factors of f.
3, 5
Let y be ((-4)/8)/((-2)/284). Suppose -y = -6*m + 79. List the prime factors of m.
5
Let y(b) = b + 1. Let c be y(-3). List the prime factors of c/8 + 25/4.
2, 3
Let x(o) = 2*o**3 - 4*o**2 + o + 2. Let d be x(2). Let f be d/4*0/(-1). Suppose f = -3*g - 3*y + 42, y - 3 = 2. List the prime factors of g.
3
What are the prime factors of 60 - 0 - ((-20)/(-2))/(-5)?
2, 31
Let p(j) = -4*j**2 - j - 1. Let m be p(-2). Let g = m - -34. What are the prime factors of g?
19
Let h(a) = -a - 5. Let v be h(-6). Suppose b - 10 = -4*b. Suppose 3*m - 3*z = 3, -3*z - v = -b*m - 0*m. List the prime factors of m.
2
Let n(g) = g**3 + 9*g**2 + 6*g - 9. List the prime factors of n(-7).
47
Suppose 3*t = -5*y - 3 + 26, -3*y + 12 = 0. Let c(h) = -h + 11. Let f be c(7). Suppose -t = z - f. List the prime factors of z.
3
Let b = 24 + -17. Suppose -5*r + 27 = b. List the prime factors of r.
2
Let x = -1 - -11. What are the prime factors of x?
2, 5
Let t be (-8)/(-28) - 26/(-7). Suppose -14 = 2*h - t*h. Suppose -5*y + 8 = 2*o, -5 = -5*y + 2*o + h. What are the prime factors of y?
2
Suppose 2*g = 7*g - y - 118, -4*y - 16 = -g. What are the prime factors of g?
2, 3
Suppose 4*p - 3 = -5*a - 14, 3*p + 12 = -5*a. Let q(i) = i**2 - 2*i - i + 0*i. What are the prime factors of q(a)?
2, 3
Suppose -3*n + n = 0. Let q = 2 + n. What are the prime factors of 1 + 13 + q*-1?
2, 3
Let q(s) = 2*s**2 - s - 8. List the prime factors of q(6).
2, 29
Let c(r) = -2*r - 2. Let a be c(-2). Suppose -2*g - 4*h - 14 = -3*g, -5*g + 52 = -a*h. List the prime factors of g.
2, 5
Suppose -3*g + 81 = -0*g + 3*j, -4*g + 115 = -3*j. What are the prime factors of g?
2, 7
Let x be 135/(-5)*4/(-6). Let c = 30 - x. What are the prime factors of c?
2, 3
Suppose 4*n - 8*n + 16 = 0. List the prime factors of n.
2
What are the prime factors of (-1281)/(-14)*(-10)/(-3) + -1?
2, 19
Let x(j) = j**3 + 4*j**2 + j + 1. Let a be x(-2). Suppose 0 = -2*s + a*s - 135. What are the prime factors of s?
3
Let o = 45 + 56. List the prime factors of o.
101
Let p = -12 + 20. Let n = 12 - p. What are the prime factors of n?
2
Suppose -3*k + 150 = 2*k. Suppose 4*p + k = 90. List the prime factors of p.
3, 5
Suppose -4 = -2*q + q. Suppose -5*s + 32 = -q*b, 0 = -s - 2*s + 5*b + 14. What are the prime factors of s?
2
List the prime factors of (-2)/(-3) + (-196)/(-21).
2, 5
Let r(q) = q**3 - 8*q**2 + 7*q + 2. Let u be r(7). Suppose 10 + 14 = u*p. What are the prime factors of p?
2, 3
Let x(r) = r**3 - 6*r**2 - 5*r + 9. Let w be 6 - -1 - (-7 - -7). What are the prime factors of x(w)?
23
Suppose 0 = -2*z + 77 - 17. List the prime factors of z.
2, 3, 5
Suppose 5*q + 4*s - 2*s = 159, 3*q - 4*s - 85 = 0. What are the prime factors of q?
31
List the prime factors of 1660/25 - 6/(-10).
67
Suppose -3*m = n - 0*m + 8, 0 = n - 3*m - 10. Let s(g) = 8*g**2 + 2*g - 1. What are the prime factors of s(n)?
3
What are the prime factors of (-5 - (-3 - -1)) + 22?
19
Let v = -307 - -479. List the prime factors of (-2)/(-5) + v/20.
3
What are the prime factors of (5/(-3) - -1)*-45?
2, 3, 5
Let q = -9 + 14. Let w = q + -15. Let z = w - -15. What are the prime factors of z?
5
Let z be (-3 + 0)*40/(-3). What are the prime factors of 7/5 - (-24)/z?
2
Suppose -2*b - 2*b = 36. Let t(a) = -a**3 - 10*a**2 - 9*a + 12. What are the prime factors of t(b)?
2, 3
Suppose 4*m - 2 = -2*v, v - 1 = m + 2*v. What are the prime factors of 1*m + (16 - -5)?
23
Suppose -181 = -3*t + 5*d, 0*t + 189 = 3*t + 3*d. Suppose 3*f = f + t. List the prime factors of f.
31
Let u be 1/(-5) + (-1)/(-5). Suppose 4*a - 12 + 4 = u. Suppose -3*j + 31 = -a*m, 12 + 9 = 2*j - m. What are the prime factors of j?
11
Let c be 16/(-7) - (-10)/35. Let v be (3 - 1) + c + 3. Suppose 3*h + 4*l - 25 = 0, -v*h - l + 37 = -3*l. List the prime factors of h.
11
Let r be (12/2)/((-6)/(-4)). Let n = r + -6. Let o = 4 + n. List the prime factors of o.
2
Let d(p) = -p**2 + 9*p + 119. What are the prime factors of d(0)?
7, 17
Suppose -4*s + 205 = 2*p - 19, 4*p = -16. What are the prime factors of s?
2, 29
Let i be 2/(0 - -1) + -8. Let p be (-58)/(-6) - 2/i. Suppose p = -0*d + d. What are the prime factors of d?
2, 5
Let c be ((-24)/(-16))/((-3)/(-4)). Suppose 4*r - c*g + 98 = -0*r, 5 = g. List the prime factors of -3 - (-3 + r/2).
11
Suppose -7*x + 184 = -3*x. Let y = x + -27. What are the prime factors of y?
19
Let g(b) = -2*b**3 - 2*b**2 + 2*b + 1. Let v = 1 - 3. List the prime factors of g(v).
5
What are the prime factors of (2/(-1))/((-60)/3870)?
3, 43
Let z(v) = v**3 + 8*v**2 - v - 3. List the prime factors of z(-8).
5
Let y be ((-24)/(-10))/((-1)/(-5)). Suppose 0*k = -2*k + y. What are t